83 is divided by 769?
764
What is the remainder when 93524172 is divided by 285?
282
What is the remainder when 95391 is divided by 3123?
1701
Calculate the remainder when 816565 is divided by 35.
15
What is the remainder when 1740447 is divided by 3?
0
What is the remainder when 384585 is divided by 1201?
265
What is the remainder when 164733 is divided by 9132?
357
What is the remainder when 23890 is divided by 23662?
228
What is the remainder when 4437392 is divided by 13?
11
What is the remainder when 176297 is divided by 176234?
63
Calculate the remainder when 193442196 is divided by 280.
276
Calculate the remainder when 273649 is divided by 572.
233
What is the remainder when 13266055 is divided by 329?
117
What is the remainder when 1128909 is divided by 932?
257
What is the remainder when 87631 is divided by 89?
55
What is the remainder when 2178419 is divided by 30?
29
Calculate the remainder when 9869133 is divided by 179438.
43
Calculate the remainder when 38045 is divided by 4253.
4021
Calculate the remainder when 173785 is divided by 86568.
649
Calculate the remainder when 14012542 is divided by 795.
667
What is the remainder when 6439056 is divided by 33?
30
What is the remainder when 8079922 is divided by 35?
32
What is the remainder when 4857740 is divided by 1293?
1232
Calculate the remainder when 224696490 is divided by 826090.
10
Calculate the remainder when 595681 is divided by 49629.
133
Calculate the remainder when 1537116595 is divided by 801.
799
Calculate the remainder when 2646248 is divided by 92.
52
What is the remainder when 3465986 is divided by 239?
8
What is the remainder when 132769571 is divided by 4635?
4631
Calculate the remainder when 46363930 is divided by 77.
74
Calculate the remainder when 47186474 is divided by 40.
34
What is the remainder when 7971 is divided by 544?
355
What is the remainder when 681544 is divided by 225?
19
What is the remainder when 97922 is divided by 892?
694
What is the remainder when 74797 is divided by 530?
67
What is the remainder when 16091025 is divided by 7?
6
What is the remainder when 52538759 is divided by 40?
39
Calculate the remainder when 35516 is divided by 3184.
492
Calculate the remainder when 37933980 is divided by 977.
1
What is the remainder when 6399308 is divided by 46?
18
What is the remainder when 254538 is divided by 31798?
154
What is the remainder when 125866 is divided by 8330?
916
What is the remainder when 685797 is divided by 213?
150
Calculate the remainder when 64538 is divided by 1534.
110
What is the remainder when 1487585 is divided by 74379?
5
Calculate the remainder when 1040561486 is divided by 101.
98
What is the remainder when 44634544 is divided by 198?
196
Calculate the remainder when 209814337 is divided by 68.
65
Calculate the remainder when 1105476 is divided by 527.
357
What is the remainder when 1635074 is divided by 2611?
588
What is the remainder when 5374098 is divided by 738?
720
What is the remainder when 14618 is divided by 14483?
135
What is the remainder when 12483195 is divided by 16?
11
What is the remainder when 1644533 is divided by 176?
165
Calculate the remainder when 6651698 is divided by 831454.
66
Calculate the remainder when 6237 is divided by 494.
309
What is the remainder when 2636734 is divided by 339?
331
Calculate the remainder when 1149088 is divided by 114908.
8
What is the remainder when 353154 is divided by 58843?
96
What is the remainder when 8610491 is divided by 43?
42
What is the remainder when 705038 is divided by 80?
78
What is the remainder when 67977 is divided by 22129?
1590
What is the remainder when 21245 is divided by 3410?
785
What is the remainder when 439120 is divided by 27088?
5712
What is the remainder when 1006124 is divided by 1714?
6
Calculate the remainder when 38533 is divided by 188.
181
Calculate the remainder when 214724 is divided by 1167.
1163
Calculate the remainder when 1061988 is divided by 338.
330
What is the remainder when 4716 is divided by 1803?
1110
Calculate the remainder when 7718672 is divided by 9.
2
What is the remainder when 107973 is divided by 628?
585
Calculate the remainder when 27691 is divided by 2295.
151
What is the remainder when 88230210 is divided by 256483?
58
What is the remainder when 336628 is divided by 66190?
5678
What is the remainder when 18654740 is divided by 59410?
0
What is the remainder when 9157557 is divided by 120?
117
Calculate the remainder when 10205534 is divided by 3628.
3598
What is the remainder when 485006 is divided by 242495?
16
Calculate the remainder when 567718 is divided by 81035.
473
What is the remainder when 993547 is divided by 286?
269
What is the remainder when 4998753 is divided by 26?
19
Calculate the remainder when 935079547 is divided by 395.
392
Calculate the remainder when 8138328 is divided by 1356385.
18
Calculate the remainder when 3685689 is divided by 461.
455
What is the remainder when 252180 is divided by 888?
876
Calculate the remainder when 15947902 is divided by 1647.
1
Calculate the remainder when 2229285 is divided by 2229242.
43
Calculate the remainder when 49967 is divided by 24949.
69
Calculate the remainder when 100800 is divided by 1875.
1425
What is the remainder when 1173537 is divided by 120?
57
What is the remainder when 128673 is divided by 2304?
1953
What is the remainder when 7708628 is divided by 5757?
5
Calculate the remainder when 3444231 is divided by 4005.
3936
Calculate the remainder when 1228086 is divided by 272.
6
Calculate the remainder when 131582 is divided by 3516.
1490
Calculate the remainder when 4472792 is divided by 123.
20
What is the remainder when 1943294 is divided by 866?
856
Calculate the remainder when 390083 is divided by 97436.
339
Calculate the remainder when 737825 is divided by 1550.
25
Calculate the remainder when 88612854 is divided by 5623.
5620
Calculate the remainder when 3503044 is divided by 207.
190
What is the remainder when 18959846 is divided by 3159969?
32
What is the remainder when 3069927 is divided by 1416?
39
What is the remainder when 1112408 is divided by 5297?
38
Calculate the remainder when 485493 is divided by 131.
7
Calculate the remainder when 518304856 is divided by 379.
374
Calculate the remainder when 6498646 is divided by 954.
952
What is the remainder when 120777 is divided by 1479?
978
What is the remainder when 282134 is divided by 35243?
190
Calculate the remainder when 47688 is divided by 8816.
3608
Calculate the remainder when 2479214 is divided by 1200.
14
Calculate the remainder when 51967011 is divided by 38.
35
What is the remainder when 290292 is divided by 397?
85
Calculate the remainder when 411181704 is divided by 19.
6
Calculate the remainder when 20764382 is divided by 419.
418
What is the remainder when 350596 is divided by 317?
311
Calculate the remainder when 106520 is divided by 1346.
186
What is the remainder when 384307 is divided by 383916?
391
What is the remainder when 2482587118 is divided by 1560?
1558
Calculate the remainder when 1258455 is divided by 314502.
447
Calculate the remainder when 6154965 is divided by 6418.
103
What is the remainder when 95117512 is divided by 179129?
13
Calculate the remainder when 15216297 is divided by 149.
119
What is the remainder when 112348233 is divided by 1222?
1219
What is the remainder when 5856590 is divided by 15?
5
What is the remainder when 324535 is divided by 79987?
4587
What is the remainder when 35968881 is divided by 389?
385
Calculate the remainder when 174954219 is divided by 707.
706
What is the remainder when 555664 is divided by 25?
14
What is the remainder when 21239638 is divided by 45?
43
Calculate the remainder when 37516331 is divided by 34.
17
Calculate the remainder when 146526 is divided by 1127.
16
What is the remainder when 3239910 is divided by 404986?
22
What is the remainder when 3215585 is divided by 643112?
25
Calculate the remainder when 1437512 is divided by 718754.
4
What is the remainder when 729897 is divided by 346?
183
Calculate the remainder when 5309307 is divided by 884872.
75
Calculate the remainder when 1087274 is divided by 1846.
1826
What is the remainder when 4257425 is divided by 5669?
6
What is the remainder when 71712